3 + 272 + 0 + 42 + (0 + 2 - -46)?
49
What is 1 + 12 - ((322 - 304) + 1 + 4)?
-10
11 + -39 - (973 + -911)
-90
What is 60 + 33 + -51 - 44?
-2
What is the value of 13 - -81 - (11 + 7 + -13 + 18)?
71
-2 + 111 + (34 + -5 - (401 - 348))
85
Calculate 44 + -117 + 48 + 67.
42
Evaluate 66 - (-54 - -127 - -9).
-16
What is the value of -4043 + 3963 - (2 + (-3 - (4 - -15)))?
-60
(7 - (-12 - -16 - (-3 - (7 - -2)))) + 17
8
What is the value of (1 + -18 - (-13 - (-44 + 45))) + -2 + 1?
-4
(578 - 578) + -99 + 1
-98
Evaluate -96 + -9 + 1 + -476 + 514.
-66
What is the value of -1952 + 1950 - (-1 - -3)?
-4
What is the value of 14 - (16 + 10) - 9 - 34?
-55
768 + -765 - (5 + 60)
-62
Evaluate -1 + -60 + (-1 + 0 - -3) - (12677 - 12670).
-66
What is the value of (0 - (9 + -35)) + (12 - 1) - 14?
23
Evaluate (-1 + 4 - 15 - -1) + (249 + -127 - 77).
34
What is -100 + 86 + 23 + -9?
0
What is -65 + 5 - (17 - (7 - (-6 + 13 + -7)))?
-70
Evaluate -2 - (13 - 16) - -2 - 8 - (27 + 1).
-33
Evaluate (-271 - (-383 + 122)) + 2 + (95 - 1) + -1.
85
What is -35 + -35 + -28 + 22 + 50?
-26
Calculate -7 - ((10 - -10) + -2).
-25
Calculate 0 - (13 + (-8 - -13)) - (-153 + 46).
89
Calculate (-13 - -2) + (49 - 49) + (72 - 92).
-31
-3 - -4 - -101 - (31 + (8 - 38))
101
-6 + (32 - -39) + -37
28
Calculate -61 - 12 - (-265 - -273).
-81
Calculate 88 - (91 - (82 + -37)).
42
What is 0 + (-12 - -1) - (103 + 19 - 125)?
-8
What is 4 + 65 + (751 - 805)?
15
Evaluate 28 + (31 - 92) + 13.
-20
Calculate -17 + (0 + -4 + 11 - (-58 + 70)).
-22
What is the value of (4 - 9) + (-12 - 19)?
-36
What is -15 + 0 + 20 + (-1 - 34) + 9?
-21
38 + -116 + (2 + -4 - -8) + -9
-81
Calculate -32 + 47 + -21 + 68.
62
What is the value of -6 + -7 + 24 + (-10 - (-6 - -13) - -5)?
-1
What is the value of 39 - (25 + (17 - 1 - 20))?
18
-16 + (47 - 20) + -28
-17
What is -111 + 45 + 83 - -77?
94
What is the value of 72 - ((52 - 17) + 19)?
18
-24 - 12 - -46 - -5
15
Evaluate (10 - (12 - -7)) + 18 + -17 + 10.
2
What is -11 - 0 - (8 + -6 + -6) - -29?
22
What is the value of (-6 + -9 - -24 - 18) + 24?
15
What is the value of 0 + -9 + (-13 - (-41 - 42)) + 27?
88
51 - ((-28 - (-58 - -29)) + -28)
78
16 - (71 - (10 + 14)) - -3
-28
Calculate -64 - (679 + -696 - (-1 - 0)).
-48
Calculate -28 - -20 - (-52 + 4 + -7 + (-7 - -11)).
43
-39 + (-13 - (-2 + -15 + 4)) + (10 - 1)
-30
What is -61 - (-9 - (17 + -11 + -22))?
-68
What is 20 - (-5 - 0 - -136) - -20 - (-4 - -2)?
-89
Evaluate (-5 - (-105 + (34 - -3))) + 2.
65
What is (-53 - -52) + -7 + 45?
37
Evaluate -23 + -113 + (15 - 6 - (-40 - -30)).
-117
What is the value of 2 - -13 - -1 - (-19200 - -19141)?
75
Calculate -16 + 28 + 14 + -171.
-145
What is 3 - (-12 - 4) - (10 - (19 + -8))?
20
Calculate -3 + (-1 + (-4 - -11) - (-9 + 14)) - -64.
62
What is 3 + -3 + (0 - -8 - (21 + -28))?
15
-2 + -42 + (2 - -3) + (25 + -40 - -2)
-52
What is 34 - (23 + 13) - -5?
3
-1 - 32 - (-167 - -161 - (-2 + 1))
-28
What is the value of -107 - (133 - 154 - 14)?
-72
-19 + -1 + (-150 + 11 - -178)
19
Evaluate -188 + (247 - 58) + 0 + 18.
19
What is the value of -24 + (6 - -36) + -16?
2
Calculate 9 + 10 + (-59 + 28 - -15).
3
What is the value of -52 + 101 + -42 - (-13 - -1)?
19
(-35 - -2) + (8 - (-3 + -3))
-19
16 - (36 - (-22 + 26 + -18 - -16))
-18
Calculate (117 - (-144 + 277)) + (1 - 0) + 144.
129
What is 10 + 0 + (14 + -12 - (45 - 76))?
43
Calculate (-1 - 23) + -27 + (51 - 26) + -11.
-37
Calculate (2 - 1) + -9 + (-1 + -8 - -22 - 9).
-4
What is the value of -16 + 5 + 7 - 20 - (4 + -11 - -16)?
-33
What is -1 + (2 - 3) + (-109 - -53) + 2?
-56
Calculate -9 + (-1 - 2) + (11 - 88 - (-14 + 0)).
-75
What is the value of (29 - 14 - 84) + (-35 + 42 - (-1 - 0))?
-61
Evaluate -3 + 0 - (-14 + 8 - 7) - 42.
-32
What is -20 + (-10 - 90) + 70?
-50
Calculate -93 + (20 - (-11 - -23)) + -17 + 9.
-93
What is (109 + -237 - -129) + 1 + 35?
37
Evaluate (30 - (-7 + 1)) + -26 + 1.
11
Evaluate (6 - (-16 + 3)) + (-128 - -125).
16
What is 63 + -20 + 94 + -162?
-25
41 + 19 + (-5 - 31)
24
What is the value of 32 + -6 + 2 + 25 + -14?
39
-157 + 162 + (-2 - (-3 - 26))
32
What is the value of 16 + -6 + 6 + -3 + (1 - 50)?
-36
Evaluate -11 - (-4 + (-4 - 0) + -5 + (-12 - -7)).
7
What is 0 + (-12 - -48) - (-9 + -14)?
59
Evaluate (-10 + 22 - 18) + 43 - (20 + -3).
20
117 + 116 + -236 - 38
-41
Calculate (0 - (6 - 3)) + 7 - (99 - (19 + 134)).
58
What is 1 - -49 - (3 - (13 - 26))?
34
Calculate -6 + 65 + -35 + -1 + 3 + -10.
16
Evaluate 101 + -36 + (20 - (11 + 3 - 13)).
84
Evaluate -13 - (-2 + 10) - (36 - (7 + 167)).
117
Evaluate -32 - (-171 + -9 + 88).
60
What is the value of 4 + -26 - (651 - 663)?
-10
Calculate 125 + -215 + -48 - -49.
-89
What is (-62 - -62) + -3 - (1 - -12)?
-16
What is 26 + 7 + -53 + -11 + -18?
-49
Evaluate -6 + -10 + (2 - -28) + -12.
2
Evaluate 0 + 9 + 144 + -42 - 2.
109
46 + -42 + 43 + -32 + (0 - 1) + -3
11
What is 6815 + -6715 - (16 - 1)?
85
Calculate 1103 + -1123 - (-30 - -9).
1
(-82 - (-216 + 91)) + 82
125
(-1 - (0 + 0)) + 64 + (51 - 236) + 12
-110
Calculate -49 + 35 - ((9 - -1) + -8).
-16
What is the value of 91 + -37 + -80 + -75?
-101
Evaluate 3 - ((-3 - -4) + 1 + 86 + -92 + -2).
9
(7944 - 7994) + (-3 - (2 + 2))
-57
What is (-23 - (-10 + (-33 - -12) + 15)) + -2?
-9
Calculate -8 - (27 - 35) - 0 - -64.
64
Evaluate -6 + 76 - ((0 - 19) + 84 + -57 + -15).
77
Evaluate -96 - (-123 + -118 + 81).
64
7 + 100 + (-44 - 19)
44
Evaluate -6 - (83 + 10 + (0 - (31 + -16))).
-84
Calculate 0 - -11 - 1 - (13 + 2) - -14.
9
-9 + (6 - (13 - (-14 + 9 + 10))) + 9
-2
What is the value of 31 - (1 + 0 + -6 + 3 + -7 + 9)?
31
-6 - (-13 + (11 - (1 + (6 - 0)) - 9))
12
What is the value of -182 - 0 - (-22340 + 22232)?
-74
Calculate 43 + -36 + 5 + -37.
-25
Evaluate -654 - -532 - (-42 + -1 + 4).
-83
What is the value of -9 + -64 + -6 + 33 + -3 + 9 + -22?
-62
Calculate -3 - 51 - (0 - (-16 + -10 - -11)).
-69
What is the value of -11 + (-5 + 10 - (-8 + (3 - -10))) + 21?
10
What is the value of 36 + (-55 + 46 - (-6 - -2))?
31
Evaluate (3 - -3) + -26 + -26 + 60.
14
What is the value of (-18 - -13) + 11 + (3 - 4) + -1 + 36?
40
-51 + (-15 - (-71 - -90))
-85
Evaluate 12 - (-61 + 47 + -18 + 15).
29
What is 2 + -17 + 6 + 16 - (6 + -25 + 12)?
14
Evaluate (-19 - 0) + 191 + -174.
-2
What is the value of -68 + (44 - (41 + 6))?
-71
What is the value of 5 + (-18 - -126 - 235)?
-122
Calculate -3 + (6 - 5) - (24 + 19 + -38).
-7
What is the value of -10 + -1 + (-3 - -7) + (-412 - -416)?
-3
Calculate 6 - -51 - (-10 - 3 - (228 - 219)).
79
What is -71 - (-20 + -110 + 53)?
6
1192 + -1132 - (10 + 0)
50
Evaluate 3 - (4 - (22 + -24 + -10)).
-13
Calculate -11 + 0 - (-197 + 238 - (-1 - (-7 + -13))).
-33
-60 - (-72 + 157 + -81)
-64
What is the value of -1 + -5 + -108 + 80?
-34
-3 + 0 + -27 + 507 + -497
-20
Calculate -1 + -78 - (3625 - 3667).
-37
What is the value of -2 + ((-3 - 3) + 2 - (286 - 246))?
-46
Calculate 1339 + -1288 - (-2 + -1 - -17).
37
What is -132 + (185 - 41) + (11 - (-2 + 1))?
24
Evaluate (26 - 29 - -26) + -4 + 2 + 10.
31
What is the value of (-2 - -1) + 24 - (103 + (372 - 463))?
11
Evaluate (0 - (-67 - -2)) + (-2 - -91) + -91.
63
What is the value of 6 + -1 - (0 + -21 + 8 + -6)?
24
Calculate 50 + 59 + -130 + 18 - (-126 + 2 - 0).
121
Evaluate -3 + (1 - -2) - -37 - (48 + -129 + 90).
28
What is 23 - 40 - (-8 + -3 + -2 + 2)?
-6
What is the value of 2 + (-7 - -7) - (6 + 16)?
-20
Calculate (-1 - 1) + 11 + -382 + 339.
-34
Evaluate (41 - 0) + -15219 + 15197.
19
What is -11 + -11 + 9 + (-13 + 7 - 6) + 1?
-24
Calculate -13 + 3 - (57 - (91 + -90)).
-66
Evaluate 7 - (-3 - (47 + -38 - (0 + 64))).
-45
What is 52 - ((-41 + 33 - (1 - -7)) + (45 - 26))?
49
What is the value of (-2 + -4 + 9 - -16) + -56 + -48?
-85
Calculate (39 - 57) + -77 + 2 + -32.
-125
What is the value of -1 + 43 - ((-39 + -10 - -26) + 28)?
37
Calculate 4 + 85 + 331 + -500.
-80
Evaluate (-20 - -10) + -8 + 8 + -3 + 23.
10
What is the value of (12 + 8 - 40) + -8 - -55?
27
What is the value of 17 + 16 + -61 + -8 + 14?
-22
What is (-9 + -29 - 2) + 35 + (-42 - 1)?
-48
Evaluate 8 + (-1 - (-8 + 14)) + (25 - (8 + -1)).
19
What is the value of (-641 - -615) + (11 - -3)?
-12
Calculate -6 - (1097 + -1063 - (-1 + -18)).
-59
-11 + -12 + 9 + 10 - (8 + -7)
-5
Calculate 88 - (58 + -43 - -80).
-7
27 - ((21 - 13) + 34)
-15
What is the value of -172 + (-67 - 